mon divisor of a and s?
3
Suppose -3*u = -w + 3*w - 233, -4*w + 445 = -u. Suppose -w = 3*c - 427. Suppose -2*z = -37 + 7. Calculate the highest common divisor of z and c.
15
Let b be 36/8*(-8)/6. Let g be 7/3*(-3 - b). What is the highest common divisor of g and 1?
1
Let y = -11 + 19. Let z be 4/(-18) + (-2)/(-9). Suppose z = -j - 3*j + y. Calculate the highest common divisor of 10 and j.
2
Let m be 2/5 + (-1088)/(-80). What is the highest common divisor of m and 266?
14
Suppose 3*b - 4*b - 12 = 0. Let k = b + 17. What is the highest common divisor of 5 and k?
5
Let f(q) = q**3 + 5*q**2 - q - 1. Let j be f(-3). Suppose d = -10*d + 220. Calculate the greatest common factor of j and d.
20
Suppose -2*x + 10 = u, 0*u - 3*u + 15 = 3*x. Let r be (-4 + u)/(4/(-14)). What is the greatest common divisor of r and 126?
14
Suppose 36*t - 26*t = 1710. Calculate the highest common divisor of t and 57.
57
Suppose -3*s = -23 - 10. Suppose -163 = -3*f + 194. Let x = f + 2. Calculate the greatest common divisor of s and x.
11
Let t = -14 - -22. Calculate the greatest common divisor of 20 and t.
4
Let d(y) be the first derivative of 5*y**3/3 + y**2/2 - 3*y + 4. Let a be d(-5). What is the highest common factor of 13 and a?
13
Suppose 0 = 2*k - 5*l + 2*l - 10, -4*l = -4*k + 16. Suppose 0*v + 32 = k*v. What is the highest common factor of 48 and v?
16
Let r(j) be the first derivative of j**2 - 4*j - 1. Let x be r(7). Suppose 4*k - 22 - 14 = 4*u, 3*k - 31 = -u. What is the highest common factor of k and x?
10
Let r = 21 + -5. Calculate the highest common factor of r and 2.
2
Let l(z) = -4*z - 10. Let v be l(-13). Calculate the greatest common factor of 6 and v.
6
Suppose -4*s + s = 18. Let h(c) = -c**3 - 7*c**2 - 7*c + 4. Let x be h(s). Calculate the highest common divisor of 20 and x.
10
Suppose -3 + 11 = 4*d. Suppose -3*s + 120 = d*s. Calculate the greatest common factor of s and 60.
12
Suppose -2*g - g = 0. Suppose -2*o + z + 40 = g, -o + 22 + 3 = 2*z. Let h = -4 + 7. Calculate the highest common factor of h and o.
3
Let j be 3/(-7) + (-2520)/(-49). What is the greatest common factor of j and 51?
51
Suppose 0*a + 60 = 4*a. Let i be 4/(-16) + a/(-4). Let h = 17 + i. Calculate the highest common divisor of 26 and h.
13
Suppose 5*n = -2*c + 42, 4*n + 4*c - 37 = -13. Calculate the highest common divisor of n and 70.
10
Let a(k) = k**2 + k - 1. Let g(t) = t - 2. Let s be g(-3). Let c be a(s). Calculate the highest common divisor of 38 and c.
19
Let t be (-147)/(-6)*2 - 1. What is the highest common divisor of 6 and t?
6
Let l be 2220/(-14) + (-6)/14. Let u = 279 + l. Calculate the greatest common divisor of 12 and u.
12
Suppose -2*i = 5*n + 2*i - 70, 3*n - 42 = i. Let s = 29 - n. What is the highest common divisor of s and 3?
3
Suppose -3*d + 7 = v, 4*d = -3*v + 17 + 19. Let o = 7 - -17. Calculate the greatest common divisor of v and o.
8
Let d be (-2)/(16/6 - 2). Let o = -1 - d. Suppose 2*g - 20 = -o*g. Calculate the greatest common divisor of 55 and g.
5
Let f be 21 - (3 + -1)/1. What is the highest common factor of 38 and f?
19
Let n(k) = 9*k + 14. Let c be n(-13). Let u = c - -145. Suppose 55 = 5*p + 8*h - 3*h, h + 31 = 2*p. Calculate the greatest common divisor of p and u.
14
Suppose -2*z - z - 6 = -3*k, -4 = -z. Suppose -3*f - 5*x + 95 = 0, -46*f = -44*f - x - 59. Calculate the greatest common factor of k and f.
6
Let d(t) = 12*t - 6. Let s be d(6). Let x(q) = -q**3 + 6*q**2 + 3*q + 4. Let z be x(6). Calculate the greatest common factor of z and s.
22
Let w be (720/(-56))/(-3) - 4/14. Calculate the greatest common divisor of 22 and w.
2
Let c = -12 + 10. Let n(s) = -2*s**3 - s**2 + 2. Let a be n(c). What is the highest common factor of a and 70?
14
Let d(c) be the first derivative of -1/3*c**3 - 4 + 1/2*c**2 + 5*c - 1/4*c**4. Let n be d(0). What is the greatest common factor of n and 5?
5
Suppose 4*v - 165 = -93. Suppose 2*l + 5*j + 41 = 174, 0 = -3*l - 4*j + 182. Calculate the greatest common factor of v and l.
18
Suppose -72 = -x - 0*x. Let g = x + 24. What is the greatest common divisor of g and 12?
12
Let w be 7/3 - (-1)/(-3). Suppose 2*k - 52 = -2*k + 5*y, k + 2*y - 26 = 0. What is the highest common factor of w and k?
2
Suppose v - 10 = -4*p, -4*p + p = -3. Suppose v*t - t - 705 = 0. Let x = t + -78. Calculate the highest common factor of x and 7.
7
Suppose 5*i - 8 = 5*w - 43, 4*i + 16 = 2*w. Calculate the highest common factor of w and 24.
6
Let o be (-118)/(-10) + 5/25. What is the greatest common factor of o and 18?
6
Let w be 4 - (2/5 + 2569/(-35)). Calculate the greatest common divisor of 11 and w.
11
Let y = 18 - 3. Suppose 5 = -2*z + y. Calculate the highest common factor of z and 35.
5
Suppose -215 = -5*x + 5*g, g - 197 = x - 5*x. Let h be x/10*120/18. Calculate the highest common divisor of h and 8.
8
Let u be 1105/39 - 2/6. Calculate the greatest common divisor of 336 and u.
28
Let j be (2*-4)/((-2)/4). Suppose -2*f + x = -j - 9, -4*f = -4*x - 44. What is the greatest common divisor of 14 and f?
14
Suppose 0 = 5*s + 5*n - 50, -4*n + n + 50 = 5*s. Calculate the greatest common factor of s and 40.
10
Let f be (0 - 200)*2/(-5). Let w = 17 + -33. Let r be ((-8)/w)/(2/64). What is the highest common divisor of f and r?
16
Let l(f) = 2*f - 12. Let o be l(12). Calculate the greatest common factor of o and 6.
6
Let w = 56 - -144. What is the highest common factor of 20 and w?
20
Let h(y) = 2*y. Let q be h(13). Calculate the highest common divisor of 182 and q.
26
Let l(x) = -2*x**2 - 6*x + 6. Let d be l(4). Let g = d - -84. Let h = 124 - 39. Calculate the greatest common factor of h and g.
17
Let c(t) = -t + 1. Let i(v) = -v**3 + 3*v**2 + 5*v - 6. Let o be i(4). Let f be c(o). Suppose m - f*m = -28. What is the highest common divisor of 14 and m?
14
Let p be 14/4*(-48)/(-14). Calculate the highest common factor of 108 and p.
12
Let i be (24/(-10))/((-9)/1620). What is the greatest common divisor of 54 and i?
54
Let g be ((-10)/4 - -3)*72. Calculate the greatest common divisor of g and 9.
9
Let w(k) = -k**2. Let u(p) = 6*p**3 + p**2 + p. Let i(h) = -u(h) + w(h). Let c = 1 + -3. Let v be i(c). Calculate the highest common factor of v and 6.
6
Suppose 0 = 3*k - 2*k - 2. What is the highest common divisor of k and 18?
2
Suppose 4*o + 4*y - 16 = y, 0 = -o + y + 4. Suppose -2 = p - o. Calculate the highest common divisor of p and 5.
1
Let n = -13 - 3. Let p be (-10 - -2)*n/4. Calculate the greatest common factor of 16 and p.
16
Suppose -5*o + 375 - 1020 = 0. Let r = -57 - o. What is the greatest common factor of 12 and r?
12
Suppose 16*l - 152 = 15*l. What is the highest common divisor of 19 and l?
19
Let r = -21 + 98. What is the greatest common divisor of 33 and r?
11
Suppose 12 = -3*q - 3*o, 5*q = q - 2*o - 22. Let m = -5 - q. Let x be m/9 + (-97)/(-9). What is the greatest common divisor of x and 33?
11
Suppose 2*v + r = 7, 2*v - 22 = -2*r + 4*r. Suppose 0 = -5*x - 2*l + 64, -2*x - 2*l = 2*l - 32. What is the highest common divisor of x and v?
6
Suppose 2*w + 169 - 45 = 4*l, -5*l = -3*w - 154. Let f = l + 40. Calculate the greatest common divisor of 9 and f.
9
Let n(d) = d**3 - 16*d**2 + 26*d + 24. Let l be n(15). Calculate the greatest common divisor of 21 and l.
21
Let t be (-10)/(-2 + 0 + 1). Let b(n) = n. Let h(u) = 11*u + 5. Let p(x) = 2*b(x) + h(x). Let j be p(5). What is the highest common divisor of t and j?
10
Let a(v) = -v**2 - 18*v - 28. Let u be a(-14). What is the greatest common factor of 42 and u?
14
Let m = 46 - -122. What is the highest common divisor of m and 48?
24
Let l be 276/14 - (-4)/14. Let a = l + 13. What is the highest common divisor of 11 and a?
11
Suppose -5*z + 8 = -2, -5*r - 5*z + 60 = 0. Calculate the highest common divisor of r and 25.
5
Let j(v) = -v**2 + 20*v - 43. Let x be j(11). Calculate the highest common factor of x and 14.
14
Let r(w) = -w + 1. Let s be r(-5). Suppose 0 = v - u - 3, -4*u - 4 = -0*u. Suppose -v*l = -38 + 8. What is the greatest common divisor of l and s?
3
Let t = -7 + 22. Let p = 6 - 3. Calculate the greatest common factor of t and p.
3
Suppose 4*c = 12, 2*f - 3*c - 71 = -2*f. Let j be (-51)/(-2 - (-3)/6). Let p = j + -4. Calculate the highest common factor of f and p.
10
Let c be (-1)/3 + 2/6